 is m(9)?
-2
Let c(k) = -k**3 + 11*k**2 - 10. What is c(11)?
-10
Let c(g) = -14*g + 2. What is c(-1)?
16
Let z(m) = 2*m**2 - 12*m - 5. Determine z(9).
49
Let b(o) = -o**3 + 15*o**2 - 9*o - 23. Give b(14).
47
Let s(m) = m**3 + 13*m**2 + m + 4. Determine s(-13).
-9
Let x(t) = 2*t - 18. Calculate x(6).
-6
Let v(d) = -2*d + 11. Calculate v(-5).
21
Let r(f) = f**3 + f**2 - 5*f + 6. Determine r(3).
27
Let c(k) = -k**3 + 14*k**2 - 9*k - 30. Determine c(13).
22
Let n(c) = 45*c + 312. Calculate n(-7).
-3
Let t(d) = d**2 + d - 14. What is t(0)?
-14
Let r(s) = s**2 + 24*s + 61. Calculate r(-6).
-47
Let c(t) = t**3 + 4*t**2 - 4*t - 6. Determine c(-5).
-11
Let s(z) = -14*z + 2. Give s(-4).
58
Let o(l) = 2*l + 62. What is o(0)?
62
Let i(s) = s**3 + 2*s**2 - 4*s. Give i(-4).
-16
Let t(a) = -a + 7. Give t(6).
1
Let x(m) = -m**3 - 3*m**2 + 22*m - 10. What is x(-7)?
32
Let p(v) = v**3 - 6*v**2 + 8*v - 11. Calculate p(5).
4
Let h(i) = i + 11. Calculate h(6).
17
Let k(t) = 20*t**2 + 3*t - 2. Give k(1).
21
Let o(a) = -a**2 - 10*a + 1. Calculate o(-7).
22
Let j(b) = 9*b - 12. Calculate j(5).
33
Let c(d) = 11*d - 151. Determine c(0).
-151
Let i(r) = -r**2 + 12*r - 7. Determine i(11).
4
Let t(a) = a**2 + 17*a + 74. Determine t(-14).
32
Let w(c) = -46*c - 324. Calculate w(-7).
-2
Let m(j) = -j**3 + 4*j**2 + 5*j - 1. Calculate m(5).
-1
Let c(b) = 10*b + 2. What is c(-1)?
-8
Let v(m) = -m**2 - m + 11. Determine v(4).
-9
Let k(y) = y**2 - 16*y - 43. Give k(16).
-43
Let q(a) = -34*a + 85. Determine q(3).
-17
Let r(h) = h - 11. Give r(8).
-3
Let g(n) = -15*n - 2. Determine g(1).
-17
Let z(l) = -l**3 + 6*l**2 + 7*l + 2. Give z(7).
2
Let x(y) = y**2 - 4*y. Give x(-5).
45
Let w(t) = t**2 - 5*t + 4. What is w(2)?
-2
Let p(q) = -5*q + 67. Determine p(13).
2
Let j(z) = z**3 + z**2 + 2*z - 49. Calculate j(0).
-49
Let x(u) = 27*u - 7. What is x(2)?
47
Let w(r) = r**2 - 5*r - 9. Determine w(8).
15
Let t(x) = -2*x**2 - 11*x - 12. Calculate t(-6).
-18
Let h(g) = 3*g**2 + 32*g + 6. Determine h(-9).
-39
Let l(c) = 20*c**2 + 14*c - 3. Calculate l(-2).
49
Let h(q) = q**2 + 204*q + 1176. Determine h(-6).
-12
Let r(i) = 4*i**2 + 2*i + 1. Determine r(-3).
31
Let j(q) = q**2 - 2*q - 8. Give j(-5).
27
Let n(f) = 18*f + 30. Give n(-2).
-6
Let i(c) = -c**3 + 12*c**2 - 12*c - 9. Give i(11).
-20
Let v(b) = b**3 + 6*b**2 - b + 1. Calculate v(-6).
7
Let q(x) = 6*x - 1. Give q(-1).
-7
Let p(g) = 2*g**2 - 2*g - 6. Calculate p(-3).
18
Let o(m) = -m**3 + 3*m**2 + 4. Give o(4).
-12
Let s(o) = -o**3 - 6*o**2 + 9*o + 17. What is s(-7)?
3
Let c(j) = -j + 7. What is c(9)?
-2
Let a(t) = t**3 + 4*t**2 + 4*t + 3. What is a(-3)?
0
Let k(p) = 24*p + 15. Determine k(-2).
-33
Let a(p) = 7*p + 2. Give a(1).
9
Let i(v) = 28*v - 37. Give i(8).
187
Let s(a) = -a**3 - 14*a**2 - 12*a + 15. Determine s(-13).
2
Let r(w) = w**3 + 8*w**2 - 7*w + 7. Determine r(-8).
63
Let k(x) = x**2 + 11*x + 4. Give k(-6).
-26
Let u(l) = 5*l**2 - 6*l + 8. Calculate u(3).
35
Let d(a) = -2*a**2 + a - 1. What is d(2)?
-7
Let k(b) = b**2 + 4*b + 1. Give k(-7).
22
Let a(l) = 2*l**2 - 38*l - 7. Give a(18).
-43
Let m(n) = 24*n - 6. Give m(3).
66
Let i(k) = -k**2 + 16*k + 1. Determine i(5).
56
Let x(k) = k**2 - 13*k - 38. Calculate x(19).
76
Let y(p) = 3*p**2 - p - 4. What is y(-2)?
10
Let q(v) = v**3 - 17*v**2 + 18*v - 18. What is q(16)?
14
Let y(z) = -26*z + 124. Give y(5).
-6
Let f(h) = h**3 + 5*h**2 - 8*h. Determine f(-7).
-42
Let i(u) = -u**3 - 13*u**2 - 15*u + 1. What is i(-12)?
37
Let i(v) = -v**3 + 12*v**2 - 3. Give i(12).
-3
Let c(b) = 26*b - 3. Calculate c(9).
231
Let o(b) = -2*b - 7. Give o(-6).
5
Let x(w) = -w**2 + 13*w - 29. Calculate x(9).
7
Let i(y) = -20*y**3. Determine i(-1).
20
Let q(f) = -f**3 + 16*f**2 - 15*f + 6. Determine q(15).
6
Let u(d) = -d - 6. Determine u(4).
-10
Let i(k) = -k**2 + 2*k + 5. Calculate i(4).
-3
Let j(r) = -r - 10. Give j(-7).
-3
Let w(q) = q**3 + 7*q**2 + 11*q + 3. Give w(-5).
-2
Let s(n) = -n**3 - 6*n**2 - 3*n + 13. What is s(-5)?
3
Let b(n) = n**3 - 11*n**2 - 25*n + 4. Calculate b(12).
-152
Let g(k) = -k**3 + 10*k**2 - 19*k + 22. What is g(8)?
-2
Let u(d) = -d**3 + 13*d**2 - 5*d - 2. What is u(12)?
82
Let g(b) = 4*b + 33. What is g(-8)?
1
Let q(n) = n**2 + 35*n + 61. What is q(-33)?
-5
Let m(n) = -33*n**2 - 8*n - 9. Determine m(-2).
-125
Let m(t) = -t**3 - 8*t**2 - 8*t + 26. Determine m(-6).
2
Let a(z) = z**3 - 3*z**2 - 3*z - 3. Determine a(5).
32
Let r(h) = 6*h - 313. Give r(52).
-1
Let p(u) = 8*u - 16. Calculate p(2).
0
Let z(j) = j**2 - 6*j + 1. What is z(3)?
-8
Let b(q) = 3*q - 49. Give b(10).
-19
Let r(d) = -163*d**3 + 2*d**2 + 2*d + 2. What is r(-1)?
165
Let s(r) = 4*r - 3. Determine s(3).
9
Let k(p) = -p**2 - 15*p + 6. What is k(-14)?
20
Let i(n) = -3*n - 13. What is i(-8)?
11
Let i(o) = 2*o - 18. Calculate i(10).
2
Let d(p) = p + 29. Give d(-27).
2
Let x(f) = -f**3 + 5*f**2 + 2*f. Determine x(6).
-24
Let o(a) = -4*a + 63. Calculate o(17).
-5
Let h(q) = 3*q**2 - 8*q - 7. Calculate h(-1).
4
Let m(z) = -z**3 - 3*z**2 + 7*z - 11. Determine m(-5).
4
Let m(x) = -25*x + 18. Calculate m(-2).
68
Let i(h) = -2*h - 2. What is i(6)?
-14
Let z(o) = 4*o. What is z(5)?
20
Let s(c) = 5*c - 68. Give s(14).
2
Let k(w) = w**2 + w + 21. Give k(-5).
41
Let n(t) = 2*t**2 - 9*t + 13. What is n(5)?
18
Let d(v) = v**3 + 10*v**2 - 3*v - 13. What is d(-10)?
17
Let c(k) = -k**3 - 2*k**2 + 7*k + 4. Calculate c(-4).
8
Let v(x) = x**2 - 7*x - 541. Give v(-20).
-1
Let r(n) = n**3 + 2*n**2 - 11*n + 13. Calculate r(2).
7
Let y(m) = -m**3 - m**2 + 4*m + 7. Calculate y(-2).
3
Let t(j) = -j - 18. Determine t(-8).
-10
Let p(o) = 9*o + 4. Determine p(-6).
-50
Let b(f) = 2*f**2 - 36*f + 113. Calculate b(4).
1
Let q(n) = 2*n + 26. Calculate q(-14).
-2
Let z(r) = r**2 + 2*r - 25. Determine z(-5).
-10
Let p(w) = -w**3 + 7*w**2 - 5*w - 10. What is p(5)?
15
Let y(i) = 8*i**3 + i**2 + 2*i - 3. Give y(1).
8
Let g(c) = -c**2 + 3*c - 3. Determine g(5).
-13
Let p(j) = -21*j**3 + 2*j**2 - 3*j - 4. Calculate p(-1).
22
Let u(l) = 2*l**2 - 4*l + 7. Give u(5).
37
Let u(n) = -4*n**2 - 43*n + 13. Calculate u(-11).
2
Let j(t) = t**2 - 4*t - 12. What is j(8)?
20
Let w(z) = 4*z - 31. Give w(9).
5
Let k(b) = 5*b - 35. What is k(7)?
0
Let r(u) = 2*u**3 + 3*u**2 + 3*u. Determine r(-2).
-10
Let h(o) = -4*o**2 - 25*o + 8. Calculate h(-6).
14
Let a(r) = -2*r + 7. Calculate a(8).
-9
Let p(v) = -v**3 - v**2 + 3*v - 2. Give p(-2).
-4
Let x(f) = 3*f**3 - 3*f + 4. What is x(1)?
4
Let n(c) = c**3 - 2*c + 1. What is n(2)?
5
Let w(f) = -3*f**3 - 280*f**2 - 91*f + 183. Determine w(-93).
-3
Let g(f) = -4*f + 21. Give g(-6).
45
Let n(d) = 3*d - 10. Calculate n(3).
-1
Let i(z) = z**3 + 41*z**2 + 179*z - 26. Calculate i(-36).
10
Let r(a) = -a**3 + 7*a**2 - 5*a + 14. Determine r(6).
20
Let f(a) = 7*a + 8. Calculate f(-6).
-34
Let z(y) = -y**2 - 7*y + 119. What is z(8)?
-1
Let i(z) = -z**2 + 19*z - 16. Calculate i(16).
32
Let b(v) = -v - 4. Calculate b(-12).
8
Let r(b) = -6*b - 26. Give r(0).
-26
Let r(w) = -37*w + 5. What is r(-1)?
42
Let u(g) = -g**3 - 7*g**2 + 2*g + 21. Give u(-7).
7
Let j(y) = -15*y + 10. Calculate j(0).
10
Let k(f) = -f**2 + 24*f - 65. What is k(21)?
-2
Let o(q) = -q - 3. What is o(6)?
-9
Let x(f) = 2*f + 14. Calculate x(16).
46
Let d(i) = -i**2 + 7*i + 5. What is d(-6)?
-73
Let c(p) = p**3 + 7*p**2 + 15*p + 23. Determine c(-4).
11
Let o(n) = -n - 13. Determine o(-6).
-7
Let a(l) = 2*l**3 + l**2 + 4*l + 8. Give a(-2).
-12
Let c(u) = 48*u + 92. Give c(-2).
-4
Let i(g) = 4*g**2 + 6*g - 9. What is i(-6)?
99
Let n(y) = 2*y**2 - 66*y + 46. Determine n(32).
-18
Let c(z) = 2*z**2 - z - 3. Calculate c(3).
12
Let x(p) = p**2 + 17*p - 25. Determine x(-18).
-7
Let o(a) = -a**2 - a + 3. Determine o(-4).
-9
Let r(l) = -19*l**3 + 2*l + 1. Determine r(-1).
18
Let o(l) = -3*l**3 + 8*l**2 - 14*l + 35. Calculate o(3).
-16
Let w(b) = b**3 - 12*b**2 + 11*b - 3. Determine w(11).
-3
Let t(q) = -21*q - 95. Determine t(-5).
10
Let h(j) = -19*j + 456. What is h(24)?
0
Let y(k) = -k**2 - 13*k + 3. Determine y(-9).
39
Let o(b) = b**3 + 16*b**2 - 39*b - 42. Give o(-18).
12
Let r(u) = u**2 + 3*u - 63. Calculate r(-10).
7
Let i(z) = z**2 + 37*z + 21. Determine i(-36).
-15
Let s(c) = -c**2 + 6*c + 20. Determine s(9).
-7
Let h(q) = q**3 - 9*q**2 - q + 14. What is h(9)?
5
Let t(m)